36/9)/(2/t) is divided by 24.
22
Let l(n) = 10*n**2 - 1. Let w(v) = v**3 + 23*v**2 + 2. What is the remainder when l(-1) is divided by w(-23)?
1
Let x(k) = -k**3 + 7*k**2 - k + 2. Calculate the remainder when x(3) is divided by 1 - 0 - (-1 + 0 + -8).
5
Suppose -3*r + 0*a = -2*a - 45, 0 = 3*r - a - 42. Suppose 12*k - r*k + 14 = 0. Let j = 11 + 15. Calculate the remainder when j is divided by k.
12
Let g(c) = 3*c. Suppose t - 3*r + 7*r = 18, 5*t - 3*r + 2 = 0. What is the remainder when g(1) is divided by t?
1
Let x(d) = -27*d**2 - 3 + 12*d**2 + 8*d + 16*d**2 - 5. What is the remainder when x(-11) is divided by 14?
11
Let q(g) = -g**2 - 12*g + 49. Let v be q(-16). Suppose -3*k + 8*k = 300. Calculate the remainder when k is divided by -1 + 1*28 - (11 + v).
29
Let g(n) = -n**3 - 2*n**2 + 5*n - 2. Let c be g(-4). Let o = c - 3. Suppose 5*y + 12 = o*y. What is the remainder when 10 is divided by y?
4
Let v = 23 + 26. What is the remainder when v is divided by 15?
4
Calculate the remainder when -105 - -146 - 12/2 is divided by 22.
13
Suppose 0 = 60*q - 63*q + 51. What is the remainder when 80 is divided by q?
12
Suppose 5*f + 4*l - 20 - 114 = 0, -3*l = -3*f + 102. What is the remainder when 70 is divided by f?
10
Let n = 385 + -232. Suppose -n - 54 = -3*y. Calculate the remainder when y is divided by 10.
9
Let c = -112 + 145. Calculate the remainder when 328 is divided by c.
31
Let o(t) be the second derivative of 5*t**3/3 - 9*t**2/2 + 2*t. Calculate the remainder when o(7) is divided by (-4 - -28) + (-12)/4.
19
Suppose 104*g = 108*g - 524. What is the remainder when g is divided by 27?
23
Let q = -295 + 333. Calculate the remainder when 81 is divided by q.
5
Suppose 196*j = 199*j - 72. What is the remainder when 741 is divided by j?
21
Suppose 0*n + 4 = 3*n + 2*s, 0 = 4*s + 16. Suppose 2*l + 2*g - 286 = 0, -2*l + 213 = n*g - 65. Calculate the remainder when l is divided by 25.
22
Suppose 0 = 2*j - 31 + 23. What is the remainder when j is divided by (2 + -4)/(1 + -2)?
0
What is the remainder when 19 is divided by (180/(-210))/(2/(-14))?
1
Suppose 6 = 3*a, 2*a - 42 = 4*t - 3*a. Suppose -114 = -4*m - 42. What is the remainder when -1*1 - 9*t is divided by m?
17
Suppose -4*f = z - 11, f - 2*z = -5*z - 11. Suppose u = f*j - 97, u + 26 = j - u. Calculate the remainder when 44 is divided by (-9)/((-3)/j*6).
8
Calculate the remainder when (3 + 76/(-10))/(7/(-105)) is divided by 39.
30
Let l = 24 + -12. Let u(p) be the third derivative of -p**5/60 - 7*p**4/24 + 5*p**3/6 + 3*p**2. Calculate the remainder when l is divided by u(-7).
2
Suppose w + 2*a = 6, -2*a - a = -4*w + 57. What is the remainder when 33 is divided by w?
9
Let c(t) = -10*t + 1. Let g be 5/(-20) - (-3)/(-4). Suppose 0 = 2*u + 3 - 43. What is the remainder when u is divided by c(g)?
9
Let s(g) be the second derivative of -g**4/12 + 13*g**3/6 - 8*g**2 + 6*g. Let c(q) = q**2 + 15*q + 2. Calculate the remainder when s(11) is divided by c(-15).
0
Let a = -15 - -11. Calculate the remainder when 366/3 - (a + 1) is divided by 42.
41
Let u(m) = 14*m**2 - 115*m - 115. Calculate the remainder when 119 is divided by u(-1).
7
Let s(g) = -g**3 - 34*g**2 - 64*g + 33. What is the remainder when s(-32) is divided by 5?
3
Let o = 18 - 13. Suppose -z - o*r - 14 = 0, 3*r + r + 11 = -z. Calculate the remainder when 4 is divided by z.
0
Let x(a) = a + 19. Let h be x(-15). Let p(n) = -2 - 2 + 16 - h*n + 3*n. Calculate the remainder when 61 is divided by p(-9).
19
Let u = -1845 - -1857. Suppose -c + 2*j + 9 - 3 = 0, -c + 3 = j. Let g = c + 31. Calculate the remainder when g is divided by u.
11
Calculate the remainder when ((-415)/15 + 12)/((-1)/3) is divided by 6.
5
Let j = 15 + -12. What is the remainder when 19 is divided by j/4*2*(-10)/(-3)?
4
Let b = 97 - 55. Suppose -2*a - 3*o + 16 = 0, -19 = -3*a + o - 3*o. Suppose -4*u - 15 = -a*u. What is the remainder when b is divided by u?
12
Let t(c) = c**3 - 5*c**2 - 86*c + 59. What is the remainder when 518 is divided by t(12)?
28
Let l(r) = -r**3 - 19*r**2 + 18*r - 21. Calculate the remainder when 132 is divided by l(-20).
18
Suppose -g = u - 44, 3*g + 40 = -2*u + 176. Let l = 71 - g. Let o = l - 8. What is the remainder when o is divided by 6?
3
Suppose -1908 = -5*j - 3*w, 241*j + w + 1904 = 246*j. What is the remainder when j is divided by 24?
21
What is the remainder when 3*(-24)/56*-329 is divided by 53?
52
Calculate the remainder when 214 is divided by (2 + (-300)/42)/((-1)/14).
70
Suppose 2*k + 0*k = 84. Let c(b) = 4*b**2 - 2*b**2 + 12*b - 5*b. Calculate the remainder when k is divided by c(-5).
12
Suppose 2*a = 8, s - 3*a - 2 = 5. What is the remainder when 147 is divided by s?
14
Suppose -4*i - 2*i + 18 = 0. Suppose 5*n - i*m = -m - 32, -2*n + 4 = -5*m. What is the remainder when 21 is divided by (n/10)/((-12)/90)?
3
Suppose -18358 = -18*h - 1492. What is the remainder when h is divided by 10?
7
Suppose -33*f + 3632 + 5575 = 0. Calculate the remainder when f is divided by 26.
19
Suppose 0 = 2*c - 19 - 55. Let l(d) = 3*d**3 - 5*d + 7 - 4*d**3 + 4*d**3 - d**2 - 2*d**3. Calculate the remainder when c is divided by l(3).
7
Suppose 2*h + 0*h - 4*v - 64 = 0, 0 = -2*h + 3*v + 69. Let s be 322/(-12) + (-7)/h. Let p = 59 + s. Calculate the remainder when 126 is divided by p.
30
Suppose y = 4*y - 15. Suppose 3*f - t - 160 = 0, -2*t + y*t = -5*f + 248. Calculate the remainder when f is divided by 27.
25
Suppose 5*y = -2*v + 126, -3*v + 4*y + 176 = 5*y. What is the remainder when v is divided by 11?
3
Calculate the remainder when (-1 + (-37 - -4))*30/(-12) is divided by 23 + (-1 - 0/3).
19
Suppose 7 = -n + 19. Suppose 0*m + 4*d - n = 4*m, 5*d - 21 = 2*m. What is the remainder when 18 is divided by m?
0
Let o be 10/35 - 572/(-7). Let c = o - 23. Let u = 26 + -10. What is the remainder when c is divided by u?
11
Suppose 11*t + 69*t = 880. Calculate the remainder when 382 is divided by t.
8
Let k = 214 + -174. Calculate the remainder when 151 is divided by k.
31
Suppose 5*i + 3*n = 3, -i - 35 = -6*i + 5*n. Suppose 2*m + 27 = i*o + 125, -2*m = -2*o - 102. What is the remainder when m is divided by 21?
13
Let t(g) = 3*g**2 - g + 4. Calculate the remainder when t(-6) is divided by 0 + 9 + 1/((-2)/(-6)).
10
Suppose -79 = -4*q - 3*v - 2, 0 = -5*v + 15. Let g(z) = -6 + 2*z**2 + 41 + q - 7. What is the remainder when g(0) is divided by 8?
5
Let c = 78 + 0. What is the remainder when c is divided by 8?
6
Suppose l = 4*u - 0*u - 902, -2*u + 5*l = -442. Calculate the remainder when u is divided by 21.
16
Let c(b) = b**2 - 9*b - 5. Suppose 0*i + 15 = 3*i. Suppose s - 3*z = 22, -s - 44 = -i*s + z. Calculate the remainder when c(s) is divided by 2.
1
Suppose 3*v = -v + 152. Suppose -24 + 78 = 3*y - 5*t, 2*y = 5*t + 41. What is the remainder when v is divided by y?
12
Let k(m) = 14*m - 14*m - 6*m**2 + m**3 + 3 - 4 + 6*m. Calculate the remainder when k(7) is divided by 23.
21
Let k = 15 + -11. Suppose -7*v - k = 2*i - 3*v, 1 = -2*i - v. Suppose i = 5*a - a - 64. What is the remainder when 45 is divided by a?
13
Let o(f) = -9*f + 233. Calculate the remainder when 1205 is divided by o(24).
15
Suppose -112 = 11275*a - 11289*a. Suppose 5*t = 3*y - 193, 5*y + 3*t - 267 = 100. What is the remainder when y is divided by a?
7
Suppose 6*w = -110 + 590. Suppose 2*i - w = -0*i. Calculate the remainder when i is divided by 11.
7
Let c(b) = 12*b - 6. Suppose 7*p - 46 + 11 = 0. What is the remainder when c(p) is divided by 14?
12
Let h = -880 - -1633. What is the remainder when h is divided by 36?
33
Let f(g) = -5*g + 8 - 294*g**2 + 293*g**2 + 3. Calculate the remainder when 31 is divided by f(-5).
9
Suppose -20*x = -1169 + 89. What is the remainder when 106 is divided by x?
52
Let w(l) = l**3 - l**2. Suppose 0 = 97*r + 33*r - 3380. Calculate the remainder when w(4) is divided by r.
22
Suppose 30*k - 2038 = 13052. What is the remainder when k is divided by 18?
17
Let h = -32 + 33. Suppose -3*d + 22 = h. Calculate the remainder when 41 is divided by d.
6
Suppose 0 = 4*v - i - 0*i - 109, -v - 3*i = -37. Calculate the remainder when 164 is divided by v.
24
Suppose -11*y + 826 = 3*y. Suppose 2*q + 0 = -5*u + 144, -2*u - 5*q + 45 = 0. Calculate the remainder when y is divided by u.
29
Let z(m) = -4*m + 